{"id":78,"date":"2023-01-29T23:01:39","date_gmt":"2023-01-29T23:01:39","guid":{"rendered":"https:\/\/beapronk.nl\/wordpress\/?page_id=78"},"modified":"2023-10-30T17:44:13","modified_gmt":"2023-10-30T17:44:13","slug":"babymassage","status":"publish","type":"page","link":"https:\/\/beapronk.nl\/index.php\/babymassage\/","title":{"rendered":"Babymassage"},"content":{"rendered":"<div class=\"wp-block-image\">\n<figure class=\"aligncenter size-full is-resized\"><img loading=\"lazy\" decoding=\"async\" width=\"716\" height=\"168\" src=\"https:\/\/beapronk.nl\/wp-content\/uploads\/2023\/07\/Screenshot_20230724-215406_Drive.jpg\" alt=\"\" class=\"wp-image-442\" style=\"aspect-ratio:4.26984126984127;width:734px;height:auto\" srcset=\"https:\/\/beapronk.nl\/wp-content\/uploads\/2023\/07\/Screenshot_20230724-215406_Drive.jpg 716w, https:\/\/beapronk.nl\/wp-content\/uploads\/2023\/07\/Screenshot_20230724-215406_Drive-300x70.jpg 300w, https:\/\/beapronk.nl\/wp-content\/uploads\/2023\/07\/Screenshot_20230724-215406_Drive-500x117.jpg 500w\" sizes=\"auto, (max-width: 716px) 100vw, 716px\" \/><\/figure>\n<\/div>\n\n\n<p>Babymassage is in de eerste plaats een heel plezierige manier om contact te hebben met je kind. Het is geschikt voor alle zuigelingen, ook voor te vroeg geboren baby\u00b4s. Daarnaast heeft het een positieve invloed op veelvoorkomende klachten zoals onrust, veel huilen, darmkrampjes, weinig of slecht slapen.<\/p>\n\n\n\n<h4 class=\"wp-block-heading\">Individueel<\/h4>\n\n\n\n<p>Babymassage vindt aan huis plaats. Dag en tijdstip gaan in overleg. Je kunt kiezen voor een aantal afspraken, maar je kunt ook kiezen voor een \u00e9\u00e9nmalige workshop.<\/p>\n\n\n\n<h4 class=\"wp-block-heading\">Groepscursus<\/h4>\n\n\n\n<p>De groepscursus of workshop Babymassage bestaat uit een groepje van 2 tot 4 baby\u00b4s. Je kunt je bijvoorbeeld aanmelden met een vriendin of met een groepje van de zwangerschapscursus. De afspraak vindt plaats bij \u00e9\u00e9n van de deelnemers thuis. Het tijdstip gaat in overleg. Je kunt kiezen voor een aantal afspraken, maar ook voor een \u00e9\u00e9nmalige workshop.<br>Naast de massage kunnen op verzoek onderwerpen besproken worden waar je als beginnende ouders meer over wil weten zoals borstvoeding, huilen, slaapproblemen, het gebruik van een draagdoek etc.<\/p>\n","protected":false},"excerpt":{"rendered":"<p>Babymassage is in de eerste plaats een heel plezierige manier om contact te hebben met je kind. Het is geschikt voor alle [&hellip;]<\/p>\n","protected":false},"author":1,"featured_media":0,"parent":0,"menu_order":0,"comment_status":"closed","ping_status":"closed","template":"","meta":{"footnotes":""},"class_list":{"0":"post-78","1":"page","2":"type-page","3":"status-publish","5":"col-md-12"},"_links":{"self":[{"href":"https:\/\/beapronk.nl\/index.php\/wp-json\/wp\/v2\/pages\/78","targetHints":{"allow":["GET"]}}],"collection":[{"href":"https:\/\/beapronk.nl\/index.php\/wp-json\/wp\/v2\/pages"}],"about":[{"href":"https:\/\/beapronk.nl\/index.php\/wp-json\/wp\/v2\/types\/page"}],"author":[{"embeddable":true,"href":"https:\/\/beapronk.nl\/index.php\/wp-json\/wp\/v2\/users\/1"}],"replies":[{"embeddable":true,"href":"https:\/\/beapronk.nl\/index.php\/wp-json\/wp\/v2\/comments?post=78"}],"version-history":[{"count":23,"href":"https:\/\/beapronk.nl\/index.php\/wp-json\/wp\/v2\/pages\/78\/revisions"}],"predecessor-version":[{"id":564,"href":"https:\/\/beapronk.nl\/index.php\/wp-json\/wp\/v2\/pages\/78\/revisions\/564"}],"wp:attachment":[{"href":"https:\/\/beapronk.nl\/index.php\/wp-json\/wp\/v2\/media?parent=78"}],"curies":[{"name":"wp","href":"https:\/\/api.w.org\/{rel}","templated":true}]}}